
What is the greatest common divisor of 8 and 328?
8
Calculate the highest common divisor of 3058 and 22.
22
Calculate the greatest common factor of 82 and 3403.
41
What is the highest common divisor of 78 and 6903?
39
Calculate the highest common divisor of 2876 and 8.
4
What is the highest common factor of 14 and 322?
14
Calculate the greatest common factor of 74 and 259.
37
What is the highest common divisor of 264 and 24?
24
What is the highest common divisor of 5 and 9?
1
What is the highest common divisor of 600 and 8025?
75
Calculate the highest common factor of 27 and 4.
1
What is the greatest common factor of 189 and 432?
27
What is the greatest common divisor of 381 and 6?
3
Calculate the highest common factor of 286 and 143.
143
What is the greatest common divisor of 121 and 44?
11
What is the greatest common divisor of 39 and 1469?
13
What is the highest common factor of 4896 and 240?
48
What is the highest common divisor of 3584 and 56?
56
Calculate the highest common factor of 85 and 1105.
85
What is the highest common divisor of 120 and 915?
15
What is the greatest common factor of 155 and 67115?
155
Calculate the highest common divisor of 3422 and 944.
118
Calculate the highest common factor of 15 and 260.
5
What is the greatest common divisor of 795 and 15?
15
What is the highest common factor of 8 and 4808?
8
What is the greatest common factor of 42 and 357?
21
What is the greatest common factor of 20 and 2650?
10
What is the highest common factor of 2993 and 2336?
73
Calculate the highest common factor of 84 and 28.
28
What is the greatest common divisor of 345 and 6?
3
What is the highest common divisor of 8 and 316?
4
What is the highest common divisor of 95 and 20?
5
Calculate the greatest common factor of 1825 and 50.
25
What is the greatest common factor of 21 and 687?
3
Calculate the highest common factor of 528 and 256.
16
What is the highest common factor of 1332 and 185?
37
What is the greatest common factor of 223 and 5?
1
Calculate the highest common divisor of 7 and 4109.
7
What is the highest common divisor of 70 and 5495?
35
Calculate the greatest common factor of 66 and 363.
33
What is the highest common factor of 1156 and 2176?
68
Calculate the greatest common divisor of 1 and 677.
1
What is the highest common divisor of 174 and 42?
6
What is the highest common divisor of 22 and 16588?
22
Calculate the greatest common factor of 832 and 598.
26
What is the highest common divisor of 2450 and 150?
50
What is the highest common divisor of 20 and 215?
5
What is the highest common divisor of 16 and 2672?
16
Calculate the greatest common factor of 35 and 126.
7
What is the highest common factor of 75 and 100?
25
Calculate the highest common factor of 180 and 19350.
90
Calculate the greatest common divisor of 570 and 20.
10
Calculate the highest common divisor of 126 and 22.
2
Calculate the highest common factor of 27 and 36.
9
What is the greatest common factor of 19561 and 31?
31
What is the greatest common factor of 14 and 560?
14
Calculate the highest common factor of 195 and 507.
39
Calculate the highest common factor of 13858 and 123.
41
Calculate the highest common divisor of 26 and 13637.
13
Calculate the greatest common divisor of 88 and 6644.
44
What is the greatest common factor of 72 and 27?
9
Calculate the highest common divisor of 1386 and 63.
63
Calculate the highest common divisor of 814 and 148.
74
What is the highest common factor of 416 and 32?
32
Calculate the greatest common divisor of 1875 and 225.
75
What is the greatest common factor of 288 and 27?
9
What is the highest common factor of 493 and 58?
29
Calculate the highest common factor of 42775 and 118.
59
What is the highest common divisor of 8 and 216?
8
Calculate the greatest common divisor of 544 and 32.
32
Calculate the highest common divisor of 25 and 275.
25
What is the greatest common divisor of 48455 and 11?
11
Calculate the highest common factor of 12 and 160.
4
What is the greatest common factor of 885 and 15?
15
What is the greatest common factor of 13958 and 14?
14
What is the highest common divisor of 424 and 53?
53
Calculate the greatest common factor of 6 and 14.
2
What is the highest common divisor of 88 and 220?
44
What is the greatest common divisor of 48 and 432?
48
Calculate the greatest common factor of 170 and 3026.
34
What is the highest common divisor of 957 and 55?
11
Calculate the highest common divisor of 4864 and 57.
19
What is the greatest common divisor of 50 and 30?
10
What is the greatest common divisor of 4 and 196?
4
Calculate the greatest common divisor of 34 and 1258.
34
Calculate the greatest common factor of 90 and 45.
45
Calculate the highest common divisor of 630 and 462.
42
Calculate the greatest common divisor of 3072 and 2112.
192
What is the greatest common factor of 28427 and 217?
217
What is the highest common divisor of 476 and 11662?
238
What is the greatest common divisor of 149 and 4?
1
Calculate the highest common factor of 1936 and 368.
16
Calculate the greatest common divisor of 20 and 18.
2
Calculate the greatest common divisor of 6 and 543.
3
What is the highest common divisor of 2440 and 61?
61
What is the greatest common divisor of 43280 and 80?
80
What is the greatest common factor of 51 and 11373?
51
Calculate the greatest common divisor of 532 and 684.
76
What is the greatest common factor of 3982 and 176?
22
Calculate the highest common factor of 18 and 927.
9
Calculate the greatest common factor of 146 and 9344.
146
Calculate the highest common factor of 33 and 132.
33
Calculate the highest common factor of 1125 and 30.
15
What is the greatest common factor of 795 and 120?
15
Calculate the highest common divisor of 714 and 126.
42
What is the greatest common factor of 154 and 28?
14
Calculate the greatest common divisor of 37 and 2183.
37
What is the highest common divisor of 17 and 51?
17
What is the greatest common factor of 193 and 40723?
193
Calculate the highest common divisor of 28917 and 119.
119
Calculate the highest common divisor of 2 and 194.
2
What is the highest common divisor of 215 and 38915?
215
Calculate the greatest common divisor of 9395 and 20.
5
What is the greatest common factor of 648 and 64?
8
Calculate the highest common divisor of 9495 and 180.
45
What is the greatest common divisor of 8 and 156?
4
Calculate the greatest common factor of 1056 and 693.
33
What is the highest common divisor of 1332 and 1887?
111
What is the greatest common factor of 71 and 31311?
71
Calculate the greatest common divisor of 2613 and 26.
13
Calculate the greatest common divisor of 210 and 345.
15
Calculate the highest common divisor of 2510 and 70.
10
What is the highest common divisor of 713 and 31?
31
What is the highest common divisor of 9 and 1?
1
Calculate the greatest common divisor of 62 and 7471.
31
Calculate the highest common factor of 98 and 23422.
98
Calculate the highest common factor of 21 and 672.
21
What is the greatest common factor of 117 and 533?
13
What is the greatest common factor of 139 and 35723?
139
What is the greatest common factor of 117 and 3822?
39
Calculate the highest common divisor of 56 and 21.
7
What is the highest common factor of 160 and 6992?
16
What is the greatest common factor of 2418 and 558?
186
What is the greatest common factor of 25 and 3145?
5
Calculate the highest common factor of 7 and 127.
1
Calculate the highest common divisor of 264 and 12606.
66
Calculate the highest common divisor of 60 and 96.
12
Calculate the greatest common divisor of 770 and 1750.
70
What is the highest common divisor of 128 and 2272?
32
What is the greatest common divisor of 1125 and 9?
9
Calculate the highest common divisor of 52 and 12.
4
Calculate the highest common divisor of 3699 and 548.
137
Calculate the highest common divisor of 24 and 5298.
6
What is the highest common divisor of 122 and 20374?
122
Calculate the greatest common divisor of 7581 and 21.
21
Calculate the greatest common divisor of 184 and 40.
8
Calculate the greatest common factor of 1444 and 12.
4
What is the greatest common divisor of 225 and 1440?
45
What is the greatest common factor of 15 and 1385?
5
What is the greatest common factor of 238 and 68?
34
Calculate the gr